{"id":1131,"date":"2021-04-04T11:28:51","date_gmt":"2021-04-04T11:28:51","guid":{"rendered":"http:\/\/poliklinikacz.cz\/?page_id=1131"},"modified":"2025-10-15T11:58:45","modified_gmt":"2025-10-15T09:58:45","slug":"poliklinika-kladno-unhostska","status":"publish","type":"page","link":"https:\/\/poliklinikacz.cz\/zdravotnicka-zarizeni\/poliklinika-kladno-unhostska\/","title":{"rendered":"Poliklinika Kladno-Unho\u0161\u0165sk\u00e1"},"content":{"rendered":"\t\t<div data-elementor-type=\"wp-page\" data-elementor-id=\"1131\" class=\"elementor elementor-1131\" data-elementor-post-type=\"page\">\n\t\t\t\t\t\t<section class=\"elementor-section elementor-top-section elementor-element elementor-element-ea0316f elementor-section-boxed elementor-section-height-default elementor-section-height-default\" data-id=\"ea0316f\" data-element_type=\"section\">\n\t\t\t\t\t\t<div class=\"elementor-container elementor-column-gap-default\">\n\t\t\t\t\t<div class=\"elementor-column elementor-col-66 elementor-top-column elementor-element elementor-element-3e745698\" data-id=\"3e745698\" data-element_type=\"column\">\n\t\t\t<div class=\"elementor-widget-wrap elementor-element-populated\">\n\t\t\t\t\t\t<div class=\"elementor-element elementor-element-2f8f48b2 elementor-widget elementor-widget-heading\" data-id=\"2f8f48b2\" data-element_type=\"widget\" data-widget_type=\"heading.default\">\n\t\t\t\t<div class=\"elementor-widget-container\">\n\t\t\t\t\t<h3 class=\"elementor-heading-title elementor-size-default\">Poliklinika Kladno - Unho\u0161\u0165sk\u00e1<\/h3>\t\t\t\t<\/div>\n\t\t\t\t<\/div>\n\t\t\t\t<div class=\"elementor-element elementor-element-76482dfc elementor-widget-divider--view-line elementor-widget elementor-widget-divider\" data-id=\"76482dfc\" data-element_type=\"widget\" data-widget_type=\"divider.default\">\n\t\t\t\t<div class=\"elementor-widget-container\">\n\t\t\t\t\t\t\t<div class=\"elementor-divider\">\n\t\t\t<span class=\"elementor-divider-separator\">\n\t\t\t\t\t\t<\/span>\n\t\t<\/div>\n\t\t\t\t\t\t<\/div>\n\t\t\t\t<\/div>\n\t\t\t\t<div class=\"elementor-element elementor-element-2e6b6c2a elementor-widget elementor-widget-heading\" data-id=\"2e6b6c2a\" data-element_type=\"widget\" data-widget_type=\"heading.default\">\n\t\t\t\t<div class=\"elementor-widget-container\">\n\t\t\t\t\t<h3 class=\"elementor-heading-title elementor-size-default\">Kde n\u00e1s najdete<\/h3>\t\t\t\t<\/div>\n\t\t\t\t<\/div>\n\t\t\t\t<section class=\"elementor-section elementor-inner-section elementor-element elementor-element-49746d65 elementor-section-boxed elementor-section-height-default elementor-section-height-default\" data-id=\"49746d65\" data-element_type=\"section\">\n\t\t\t\t\t\t<div class=\"elementor-container elementor-column-gap-default\">\n\t\t\t\t\t<div class=\"elementor-column elementor-col-50 elementor-inner-column elementor-element elementor-element-730f52d8\" data-id=\"730f52d8\" data-element_type=\"column\">\n\t\t\t<div class=\"elementor-widget-wrap elementor-element-populated\">\n\t\t\t\t\t\t<div class=\"elementor-element elementor-element-1827a629 elementor-view-default elementor-widget elementor-widget-icon\" data-id=\"1827a629\" data-element_type=\"widget\" data-widget_type=\"icon.default\">\n\t\t\t\t<div class=\"elementor-widget-container\">\n\t\t\t\t\t\t\t<div class=\"elementor-icon-wrapper\">\n\t\t\t<div class=\"elementor-icon\">\n\t\t\t<i aria-hidden=\"true\" class=\"fas fa-home\"><\/i>\t\t\t<\/div>\n\t\t<\/div>\n\t\t\t\t\t\t<\/div>\n\t\t\t\t<\/div>\n\t\t\t\t<div class=\"elementor-element elementor-element-662866df elementor-widget elementor-widget-text-editor\" data-id=\"662866df\" data-element_type=\"widget\" data-widget_type=\"text-editor.default\">\n\t\t\t\t<div class=\"elementor-widget-container\">\n\t\t\t\t\t\t\t\t\t<p>VK Kladno Invest s.r.o.<br \/>Unho\u0161\u0165sk\u00e1 2533,<br \/>Kladno 272 01<\/p>\t\t\t\t\t\t\t\t<\/div>\n\t\t\t\t<\/div>\n\t\t\t\t\t<\/div>\n\t\t<\/div>\n\t\t\t\t<div class=\"elementor-column elementor-col-50 elementor-inner-column elementor-element elementor-element-40b1e542\" data-id=\"40b1e542\" data-element_type=\"column\">\n\t\t\t<div class=\"elementor-widget-wrap elementor-element-populated\">\n\t\t\t\t\t\t<div class=\"elementor-element elementor-element-1dabccf elementor-widget elementor-widget-heading\" data-id=\"1dabccf\" data-element_type=\"widget\" data-widget_type=\"heading.default\">\n\t\t\t\t<div class=\"elementor-widget-container\">\n\t\t\t\t\t<h5 class=\"elementor-heading-title elementor-size-default\">Provozn\u00ed \u0159editel<\/h5>\t\t\t\t<\/div>\n\t\t\t\t<\/div>\n\t\t\t\t<div class=\"elementor-element elementor-element-46c8ab7 elementor-align-center elementor-icon-list--layout-traditional elementor-list-item-link-full_width elementor-widget elementor-widget-icon-list\" data-id=\"46c8ab7\" data-element_type=\"widget\" data-widget_type=\"icon-list.default\">\n\t\t\t\t<div class=\"elementor-widget-container\">\n\t\t\t\t\t\t\t<ul class=\"elementor-icon-list-items\">\n\t\t\t\t\t\t\t<li class=\"elementor-icon-list-item\">\n\t\t\t\t\t\t\t\t\t\t\t<span class=\"elementor-icon-list-icon\">\n\t\t\t\t\t\t\t<i aria-hidden=\"true\" class=\"far fa-address-card\"><\/i>\t\t\t\t\t\t<\/span>\n\t\t\t\t\t\t\t\t\t\t<span class=\"elementor-icon-list-text\">Ing. Daniel Gerle<\/span>\n\t\t\t\t\t\t\t\t\t<\/li>\n\t\t\t\t\t\t\t\t<li class=\"elementor-icon-list-item\">\n\t\t\t\t\t\t\t\t\t\t\t<a href=\"mailto:daniel.gerle@poliklinikapraha.cz%20\">\n\n\t\t\t\t\t\t\t\t\t\t\t\t<span class=\"elementor-icon-list-icon\">\n\t\t\t\t\t\t\t<i aria-hidden=\"true\" class=\"far fa-envelope\"><\/i>\t\t\t\t\t\t<\/span>\n\t\t\t\t\t\t\t\t\t\t<span class=\"elementor-icon-list-text\">daniel.gerle@poliklinikapraha.cz <\/span>\n\t\t\t\t\t\t\t\t\t\t\t<\/a>\n\t\t\t\t\t\t\t\t\t<\/li>\n\t\t\t\t\t\t<\/ul>\n\t\t\t\t\t\t<\/div>\n\t\t\t\t<\/div>\n\t\t\t\t\t<\/div>\n\t\t<\/div>\n\t\t\t\t\t<\/div>\n\t\t<\/section>\n\t\t\t\t<div class=\"elementor-element elementor-element-74dd4c0c elementor-widget elementor-widget-google_maps\" data-id=\"74dd4c0c\" data-element_type=\"widget\" data-widget_type=\"google_maps.default\">\n\t\t\t\t<div class=\"elementor-widget-container\">\n\t\t\t\t\t\t\t<div class=\"elementor-custom-embed\">\n\t\t\t<iframe loading=\"lazy\"\n\t\t\t\t\tsrc=\"https:\/\/maps.google.com\/maps?q=Unho%C5%A1%C5%A5sk%C3%A1%202533%2C%20Kladno%20272%2001&#038;t=m&#038;z=15&#038;output=embed&#038;iwloc=near\"\n\t\t\t\t\ttitle=\"Unho\u0161\u0165sk\u00e1 2533, Kladno 272 01\"\n\t\t\t\t\taria-label=\"Unho\u0161\u0165sk\u00e1 2533, Kladno 272 01\"\n\t\t\t><\/iframe>\n\t\t<\/div>\n\t\t\t\t\t\t<\/div>\n\t\t\t\t<\/div>\n\t\t\t\t<div class=\"elementor-element elementor-element-f6b8af3 elementor-arrows-position-inside elementor-widget elementor-widget-image-carousel\" data-id=\"f6b8af3\" data-element_type=\"widget\" data-settings=\"{&quot;navigation&quot;:&quot;arrows&quot;,&quot;autoplay&quot;:&quot;yes&quot;,&quot;pause_on_hover&quot;:&quot;yes&quot;,&quot;pause_on_interaction&quot;:&quot;yes&quot;,&quot;autoplay_speed&quot;:5000,&quot;infinite&quot;:&quot;yes&quot;,&quot;speed&quot;:500}\" data-widget_type=\"image-carousel.default\">\n\t\t\t\t<div class=\"elementor-widget-container\">\n\t\t\t\t\t\t\t<div class=\"elementor-image-carousel-wrapper swiper\" role=\"region\" aria-roledescription=\"carousel\" aria-label=\"Obr\u00e1zkov\u00fd koloto\u010d\" dir=\"ltr\">\n\t\t\t<div class=\"elementor-image-carousel swiper-wrapper\" aria-live=\"off\">\n\t\t\t\t\t\t\t\t<div class=\"swiper-slide\" role=\"group\" aria-roledescription=\"slide\" aria-label=\"1 z 9\"><figure class=\"swiper-slide-inner\"><img decoding=\"async\" class=\"swiper-slide-image\" src=\"https:\/\/poliklinikacz.cz\/wp-content\/uploads\/2021\/08\/IMG_20210819_154322-300x225.jpg\" alt=\"IMG_20210819_154322\" \/><\/figure><\/div><div class=\"swiper-slide\" role=\"group\" aria-roledescription=\"slide\" aria-label=\"2 z 9\"><figure class=\"swiper-slide-inner\"><img decoding=\"async\" class=\"swiper-slide-image\" src=\"https:\/\/poliklinikacz.cz\/wp-content\/uploads\/2021\/08\/IMG_20210819_154308-300x225.jpg\" alt=\"IMG_20210819_154308\" \/><\/figure><\/div><div class=\"swiper-slide\" role=\"group\" aria-roledescription=\"slide\" aria-label=\"3 z 9\"><figure class=\"swiper-slide-inner\"><img decoding=\"async\" class=\"swiper-slide-image\" src=\"https:\/\/poliklinikacz.cz\/wp-content\/uploads\/2021\/08\/IMG_20210819_144626-300x225.jpg\" alt=\"IMG_20210819_144626\" \/><\/figure><\/div><div class=\"swiper-slide\" role=\"group\" aria-roledescription=\"slide\" aria-label=\"4 z 9\"><figure class=\"swiper-slide-inner\"><img decoding=\"async\" class=\"swiper-slide-image\" src=\"https:\/\/poliklinikacz.cz\/wp-content\/uploads\/2021\/08\/IMG_20210819_141436-300x225.jpg\" alt=\"IMG_20210819_141436\" \/><\/figure><\/div><div class=\"swiper-slide\" role=\"group\" aria-roledescription=\"slide\" aria-label=\"5 z 9\"><figure class=\"swiper-slide-inner\"><img decoding=\"async\" class=\"swiper-slide-image\" src=\"https:\/\/poliklinikacz.cz\/wp-content\/uploads\/2021\/08\/IMG_20210819_154557-300x225.jpg\" alt=\"IMG_20210819_154557\" \/><\/figure><\/div><div class=\"swiper-slide\" role=\"group\" aria-roledescription=\"slide\" aria-label=\"6 z 9\"><figure class=\"swiper-slide-inner\"><img decoding=\"async\" class=\"swiper-slide-image\" src=\"https:\/\/poliklinikacz.cz\/wp-content\/uploads\/2021\/08\/IMG_20210819_154344-300x225.jpg\" alt=\"Poliklinika Unhostska\" \/><\/figure><\/div><div class=\"swiper-slide\" role=\"group\" aria-roledescription=\"slide\" aria-label=\"7 z 9\"><figure class=\"swiper-slide-inner\"><img decoding=\"async\" class=\"swiper-slide-image\" src=\"https:\/\/poliklinikacz.cz\/wp-content\/uploads\/2025\/03\/IMG_8118-300x225.jpeg\" alt=\"IMG_8118\" \/><\/figure><\/div><div class=\"swiper-slide\" role=\"group\" aria-roledescription=\"slide\" aria-label=\"8 z 9\"><figure class=\"swiper-slide-inner\"><img decoding=\"async\" class=\"swiper-slide-image\" src=\"https:\/\/poliklinikacz.cz\/wp-content\/uploads\/2025\/03\/IMG_8126-300x225.jpeg\" alt=\"IMG_8126\" \/><\/figure><\/div><div class=\"swiper-slide\" role=\"group\" aria-roledescription=\"slide\" aria-label=\"9 z 9\"><figure class=\"swiper-slide-inner\"><img decoding=\"async\" class=\"swiper-slide-image\" src=\"https:\/\/poliklinikacz.cz\/wp-content\/uploads\/2025\/03\/IMG_8119-300x225.jpeg\" alt=\"IMG_8119\" \/><\/figure><\/div>\t\t\t<\/div>\n\t\t\t\t\t\t\t\t\t\t\t\t<div class=\"elementor-swiper-button elementor-swiper-button-prev\" role=\"button\" tabindex=\"0\">\n\t\t\t\t\t\t<i aria-hidden=\"true\" class=\"eicon-chevron-left\"><\/i>\t\t\t\t\t<\/div>\n\t\t\t\t\t<div class=\"elementor-swiper-button elementor-swiper-button-next\" role=\"button\" tabindex=\"0\">\n\t\t\t\t\t\t<i aria-hidden=\"true\" class=\"eicon-chevron-right\"><\/i>\t\t\t\t\t<\/div>\n\t\t\t\t\n\t\t\t\t\t\t\t\t\t<\/div>\n\t\t\t\t\t\t<\/div>\n\t\t\t\t<\/div>\n\t\t\t\t\t<\/div>\n\t\t<\/div>\n\t\t\t\t<div class=\"elementor-column elementor-col-33 elementor-top-column elementor-element elementor-element-40a28f5b top_list\" data-id=\"40a28f5b\" data-element_type=\"column\">\n\t\t\t<div class=\"elementor-widget-wrap elementor-element-populated\">\n\t\t\t\t\t\t<div class=\"elementor-element elementor-element-24be85fc elementor-widget elementor-widget-html\" data-id=\"24be85fc\" data-element_type=\"widget\" data-widget_type=\"html.default\">\n\t\t\t\t<div class=\"elementor-widget-container\">\n\t\t\t\t\t<ul>\r\n <a href=\"\/alergologie-kladno\">\r\n \t    <li>Alergologie\r\n \t    <\/li>\r\n \t<\/a>\r\n \t<a href=\"\/detsky-lekar-kladno\">\r\n \t    <li>D\u011btsk\u00fd l\u00e9ka\u0159\r\n \t    <\/li>\r\n    <\/a>\r\n  <!--\t<a href=\"\/diabetologie-kladno\">\r\n \t    <li>Diabetologie\r\n \t    <\/li>\r\n \t<\/a>\r\n \t -->\r\n \t<a href=\"\/poliklinika-kladno-unhostska\/fyzioterapie\/\">\r\n \t    <li>Fyzioterapie\r\n \t    <\/li>\r\n \t<\/a>\r\n \t<a href=\"\/gynekologie-kladno\">\r\n \t    <li>Gynekologie\r\n \t    <\/li>\r\n \t<\/a>\r\n \t<a href=\"\/logopedie-kladno\">\r\n \t    <li>Logopedie\r\n \t    <\/li>\r\n \t<\/a>\r\n \t<a href=\"\/odberova-laborator-kladno\">\r\n \t    <li>Odb\u011brov\u00e1 laborato\u0159\r\n \t    <\/li>\r\n \t<\/a>\r\n \t<a href=\"\/ortodoncie-kladno\">\r\n \t    <li>Ortodoncie\r\n \t    <\/li>\r\n \t    <\/a>\r\n \t<a href=\"\/ortopedie-kladno\">\r\n \t    <li>Ortopedie\r\n \t    <\/li>\r\n \t<\/a>\r\n \t<a href=\"\/plasticka-chirurgie-kladno\">\r\n \t    <li>Plastick\u00e1 chirurgie\r\n \t    <\/li>\r\n \t<\/a>\r\n \t<a href=\"\/prakticky-lekar-mediket\">\r\n \t    <li>Praktick\u00fd l\u00e9ka\u0159\r\n \t    <\/li>\r\n \t<\/a>\r\n \t<a href=\"\/psychiatrie-kladno\">\r\n \t    <li>Psychiatrie\r\n \t    <\/li>\r\n \t<\/a>\r\n \t<a href=\"\/psychologie-kladno\">\r\n \t    <li>Psychologie\r\n \t    <\/li>\r\n \t<\/a>\r\n \t<a href=\"\/revmatologie-kladno\">\r\n \t    <li>Revmatologie \r\n \t    <\/li>\r\n \t<\/a>\r\n \t<a href=\"\/zubni-hygiena\">\r\n \t    <li>Stomatologie a zubn\u00ed hygiena\r\n \t    <\/li>\r\n \t<\/a>\r\n<\/ul>\r\n<ul> \t<a href=\"\/lekarna-u-zlateho-draka-kladno\">\r\n \t    <li>L\u00e9k\u00e1rna\r\n \t    <\/li>\r\n \t<\/a>\r\n<\/ul>\t\t\t\t<\/div>\n\t\t\t\t<\/div>\n\t\t\t\t\t<\/div>\n\t\t<\/div>\n\t\t\t\t\t<\/div>\n\t\t<\/section>\n\t\t\t\t<\/div>\n\t\t","protected":false},"excerpt":{"rendered":"<p>Poliklinika Kladno &#8211; Unho\u0161\u0165sk\u00e1 Kde n\u00e1s najdete VK Kladno Invest s.r.o.Unho\u0161\u0165sk\u00e1 2533,Kladno 272 01 Provozn\u00ed \u0159editel Ing. Daniel Gerle daniel.gerle@poliklinikapraha.cz Alergologie D\u011btsk\u00fd [&hellip;]<\/p>\n","protected":false},"author":1,"featured_media":0,"parent":0,"menu_order":0,"comment_status":"closed","ping_status":"closed","template":"elementor_header_footer","meta":{"footnotes":""},"class_list":["post-1131","page","type-page","status-publish","hentry"],"_links":{"self":[{"href":"https:\/\/poliklinikacz.cz\/zdravotnicka-zarizeni\/wp-json\/wp\/v2\/pages\/1131","targetHints":{"allow":["GET"]}}],"collection":[{"href":"https:\/\/poliklinikacz.cz\/zdravotnicka-zarizeni\/wp-json\/wp\/v2\/pages"}],"about":[{"href":"https:\/\/poliklinikacz.cz\/zdravotnicka-zarizeni\/wp-json\/wp\/v2\/types\/page"}],"author":[{"embeddable":true,"href":"https:\/\/poliklinikacz.cz\/zdravotnicka-zarizeni\/wp-json\/wp\/v2\/users\/1"}],"replies":[{"embeddable":true,"href":"https:\/\/poliklinikacz.cz\/zdravotnicka-zarizeni\/wp-json\/wp\/v2\/comments?post=1131"}],"version-history":[{"count":191,"href":"https:\/\/poliklinikacz.cz\/zdravotnicka-zarizeni\/wp-json\/wp\/v2\/pages\/1131\/revisions"}],"predecessor-version":[{"id":13387,"href":"https:\/\/poliklinikacz.cz\/zdravotnicka-zarizeni\/wp-json\/wp\/v2\/pages\/1131\/revisions\/13387"}],"wp:attachment":[{"href":"https:\/\/poliklinikacz.cz\/zdravotnicka-zarizeni\/wp-json\/wp\/v2\/media?parent=1131"}],"curies":[{"name":"wp","href":"https:\/\/api.w.org\/{rel}","templated":true}]}}