{"id":1522,"date":"2021-04-06T17:07:57","date_gmt":"2021-04-06T17:07:57","guid":{"rendered":"http:\/\/poliklinikacz.cz\/?page_id=1522"},"modified":"2026-03-17T10:23:35","modified_gmt":"2026-03-17T09:23:35","slug":"ordinace-chirurgie-na-zahradnim-meste","status":"publish","type":"page","link":"https:\/\/poliklinikacz.cz\/zdravotnicka-zarizeni\/ordinace-chirurgie-na-zahradnim-meste\/","title":{"rendered":"Ordinace chirurgie na Zahradn\u00edm m\u011bst\u011b"},"content":{"rendered":"\t\t<div data-elementor-type=\"wp-page\" data-elementor-id=\"1522\" class=\"elementor elementor-1522\" data-elementor-post-type=\"page\">\n\t\t\t\t\t\t<section class=\"elementor-section elementor-top-section elementor-element elementor-element-82264de elementor-section-stretched elementor-section-boxed elementor-section-height-default elementor-section-height-default\" data-id=\"82264de\" data-element_type=\"section\" data-settings=\"{&quot;stretch_section&quot;:&quot;section-stretched&quot;}\">\n\t\t\t\t\t\t<div class=\"elementor-container elementor-column-gap-default\">\n\t\t\t\t\t<div class=\"elementor-column elementor-col-100 elementor-top-column elementor-element elementor-element-79b0c88f\" data-id=\"79b0c88f\" data-element_type=\"column\">\n\t\t\t<div class=\"elementor-widget-wrap elementor-element-populated\">\n\t\t\t\t\t\t<div class=\"elementor-element elementor-element-47761e74 elementor-widget elementor-widget-heading\" data-id=\"47761e74\" data-element_type=\"widget\" data-widget_type=\"heading.default\">\n\t\t\t\t<div class=\"elementor-widget-container\">\n\t\t\t\t\t<h2 class=\"elementor-heading-title elementor-size-default\">Ordinace chirurgie - Zahradn\u00ed M\u011bsto<\/h2>\t\t\t\t<\/div>\n\t\t\t\t<\/div>\n\t\t\t\t<section class=\"elementor-section elementor-inner-section elementor-element elementor-element-215e1520 elementor-section-boxed elementor-section-height-default elementor-section-height-default\" data-id=\"215e1520\" data-element_type=\"section\">\n\t\t\t\t\t\t<div class=\"elementor-container elementor-column-gap-default\">\n\t\t\t\t\t<div class=\"elementor-column elementor-col-33 elementor-inner-column elementor-element elementor-element-370e0704\" data-id=\"370e0704\" data-element_type=\"column\">\n\t\t\t<div class=\"elementor-widget-wrap elementor-element-populated\">\n\t\t\t\t\t\t<div class=\"elementor-element elementor-element-14a67d5 elementor-widget elementor-widget-heading\" data-id=\"14a67d5\" data-element_type=\"widget\" data-widget_type=\"heading.default\">\n\t\t\t\t<div class=\"elementor-widget-container\">\n\t\t\t\t\t<h3 class=\"elementor-heading-title elementor-size-default\">Kde n\u00e1s najdete<\/h3>\t\t\t\t<\/div>\n\t\t\t\t<\/div>\n\t\t\t\t<div class=\"elementor-element elementor-element-5c2acb9d elementor-view-default elementor-widget elementor-widget-icon\" data-id=\"5c2acb9d\" data-element_type=\"widget\" data-widget_type=\"icon.default\">\n\t\t\t\t<div class=\"elementor-widget-container\">\n\t\t\t\t\t\t\t<div class=\"elementor-icon-wrapper\">\n\t\t\t<div class=\"elementor-icon\">\n\t\t\t<i aria-hidden=\"true\" class=\"fas fa-home\"><\/i>\t\t\t<\/div>\n\t\t<\/div>\n\t\t\t\t\t\t<\/div>\n\t\t\t\t<\/div>\n\t\t\t\t<div class=\"elementor-element elementor-element-4b5e7f9a elementor-widget elementor-widget-text-editor\" data-id=\"4b5e7f9a\" data-element_type=\"widget\" data-widget_type=\"text-editor.default\">\n\t\t\t\t<div class=\"elementor-widget-container\">\n\t\t\t\t\t\t\t\t\t<p>Poliklinika Zahradn\u00ed M\u011bsto<br \/>Jablo\u0148ov\u00e1 2992\/8<br \/>106 00 Praha 10<\/p>\t\t\t\t\t\t\t\t<\/div>\n\t\t\t\t<\/div>\n\t\t\t\t<div class=\"elementor-element elementor-element-10ae404a elementor-widget elementor-widget-heading\" data-id=\"10ae404a\" data-element_type=\"widget\" data-widget_type=\"heading.default\">\n\t\t\t\t<div class=\"elementor-widget-container\">\n\t\t\t\t\t<h3 class=\"elementor-heading-title elementor-size-default\">Kontakt<\/h3>\t\t\t\t<\/div>\n\t\t\t\t<\/div>\n\t\t\t\t<div class=\"elementor-element elementor-element-16c2110e elementor-align-center elementor-icon-list--layout-traditional elementor-list-item-link-full_width elementor-widget elementor-widget-icon-list\" data-id=\"16c2110e\" data-element_type=\"widget\" data-widget_type=\"icon-list.default\">\n\t\t\t\t<div class=\"elementor-widget-container\">\n\t\t\t\t\t\t\t<ul class=\"elementor-icon-list-items\">\n\t\t\t\t\t\t\t<li class=\"elementor-icon-list-item\">\n\t\t\t\t\t\t\t\t\t\t\t<span class=\"elementor-icon-list-icon\">\n\t\t\t\t\t\t\t<i aria-hidden=\"true\" class=\"fas fa-phone\"><\/i>\t\t\t\t\t\t<\/span>\n\t\t\t\t\t\t\t\t\t\t<span class=\"elementor-icon-list-text\"> 267 295 269<\/span>\n\t\t\t\t\t\t\t\t\t<\/li>\n\t\t\t\t\t\t\t\t<li class=\"elementor-icon-list-item\">\n\t\t\t\t\t\t\t\t\t\t\t<a href=\"mailto:jablonova@poliklinikapraha.cz\">\n\n\t\t\t\t\t\t\t\t\t\t\t\t<span class=\"elementor-icon-list-icon\">\n\t\t\t\t\t\t\t<i aria-hidden=\"true\" class=\"fas fa-envelope\"><\/i>\t\t\t\t\t\t<\/span>\n\t\t\t\t\t\t\t\t\t\t<span class=\"elementor-icon-list-text\">jablonova@poliklinikapraha.cz<\/span>\n\t\t\t\t\t\t\t\t\t\t\t<\/a>\n\t\t\t\t\t\t\t\t\t<\/li>\n\t\t\t\t\t\t<\/ul>\n\t\t\t\t\t\t<\/div>\n\t\t\t\t<\/div>\n\t\t\t\t\t<\/div>\n\t\t<\/div>\n\t\t\t\t<div class=\"elementor-column elementor-col-66 elementor-inner-column elementor-element elementor-element-4a43832f\" data-id=\"4a43832f\" data-element_type=\"column\">\n\t\t\t<div class=\"elementor-widget-wrap elementor-element-populated\">\n\t\t\t\t\t\t<div class=\"elementor-element elementor-element-6cc25d99 elementor-widget elementor-widget-heading\" data-id=\"6cc25d99\" data-element_type=\"widget\" data-widget_type=\"heading.default\">\n\t\t\t\t<div class=\"elementor-widget-container\">\n\t\t\t\t\t<h3 class=\"elementor-heading-title elementor-size-default\">L\u00e9ka\u0159<\/h3>\t\t\t\t<\/div>\n\t\t\t\t<\/div>\n\t\t\t\t<div class=\"elementor-element elementor-element-30a237f7 elementor-align-center elementor-icon-list--layout-traditional elementor-list-item-link-full_width elementor-widget elementor-widget-icon-list\" data-id=\"30a237f7\" data-element_type=\"widget\" data-widget_type=\"icon-list.default\">\n\t\t\t\t<div class=\"elementor-widget-container\">\n\t\t\t\t\t\t\t<ul class=\"elementor-icon-list-items\">\n\t\t\t\t\t\t\t<li class=\"elementor-icon-list-item\">\n\t\t\t\t\t\t\t\t\t\t\t<span class=\"elementor-icon-list-icon\">\n\t\t\t\t\t\t\t<i aria-hidden=\"true\" class=\"far fa-id-card\"><\/i>\t\t\t\t\t\t<\/span>\n\t\t\t\t\t\t\t\t\t\t<span class=\"elementor-icon-list-text\">MUDr. Ji\u0159\u00ed Spilka<\/span>\n\t\t\t\t\t\t\t\t\t<\/li>\n\t\t\t\t\t\t<\/ul>\n\t\t\t\t\t\t<\/div>\n\t\t\t\t<\/div>\n\t\t\t\t<div class=\"elementor-element elementor-element-d6bd256 elementor-widget elementor-widget-heading\" data-id=\"d6bd256\" data-element_type=\"widget\" data-widget_type=\"heading.default\">\n\t\t\t\t<div class=\"elementor-widget-container\">\n\t\t\t\t\t<h3 class=\"elementor-heading-title elementor-size-default\">Ordina\u010dn\u00ed hodiny<\/h3>\t\t\t\t<\/div>\n\t\t\t\t<\/div>\n\t\t\t\t<div class=\"elementor-element elementor-element-1e4043e1 elementor-widget elementor-widget-ucaddon_opening_hours_list\" data-id=\"1e4043e1\" data-element_type=\"widget\" data-widget_type=\"ucaddon_opening_hours_list.default\">\n\t\t\t\t<div class=\"elementor-widget-container\">\n\t\t\t\t\t\n<!-- start Opening Hours List -->\n\t\t<link id='font-awesome-css' href='https:\/\/poliklinikacz.cz\/wp-content\/plugins\/unlimited-elements-for-elementor\/assets_libraries\/font-awesome6\/fontawesome-all.min.css' type='text\/css' rel='stylesheet' >\n\t\t<link id='font-awesome-4-shim-css' href='https:\/\/poliklinikacz.cz\/wp-content\/plugins\/unlimited-elements-for-elementor\/assets_libraries\/font-awesome6\/fontawesome-v4-shims.min.css' type='text\/css' rel='stylesheet' >\n\t\t<link id='uc_ac_assets_file_simple_opening_hours_css_826-css' href='https:\/\/poliklinikacz.cz\/wp-content\/uploads\/ac_assets\/simple_opening_hours\/simple_opening_hours.css' type='text\/css' rel='stylesheet' >\n\n<style>\/* widget: Opening Hours List *\/\n\n#uc_opening_hours_list_elementor_1e4043e1{\n\tbackground:#FFF;\n\tpadding:16px 30px;\n\t}\n\n<\/style>\n\n<div class=\"uc_simple_opening_hours\" id=\"uc_opening_hours_list_elementor_1e4043e1\">\n       <ul class=\"uc_opening-hours\">\n            <li><i class=\"far fa-clock\" style=\"color:#00C3FF;\"><\/i>Pond\u011bl\u00ed<span class=\"bbb\">8:00 - 13:30<\/span><\/li>\n<li><i class=\"far fa-clock\" style=\"color:#00C3FF;\"><\/i>\u00dater\u00fd<span class=\"bbb\">OPERA\u010cN\u00cd DEN 8:00 - 14:00 pouze zvan\u00ed pacienti<\/span><\/li>\n<li><i class=\"far fa-clock\" style=\"color:#00C3FF;\"><\/i>St\u0159eda<span class=\"bbb\">8:00 - 9:00 mal\u00e9 operace, zvan\u00ed pacienti | 9:00 - 13:30<\/span><\/li>\n<li><i class=\"far fa-clock\" style=\"color:#00C3FF;\"><\/i>P\u00e1tek<span class=\"bbb\">8:00 - 13:30<\/span><\/li>\n\n        <\/ul>\n    <\/div>\n<!-- end Opening Hours List -->\t\t\t\t<\/div>\n\t\t\t\t<\/div>\n\t\t\t\t\t<\/div>\n\t\t<\/div>\n\t\t\t\t\t<\/div>\n\t\t<\/section>\n\t\t\t\t\t<\/div>\n\t\t<\/div>\n\t\t\t\t\t<\/div>\n\t\t<\/section>\n\t\t\t\t<section class=\"elementor-section elementor-top-section elementor-element elementor-element-1cd9de4 elementor-section-boxed elementor-section-height-default elementor-section-height-default\" data-id=\"1cd9de4\" data-element_type=\"section\">\n\t\t\t\t\t\t<div class=\"elementor-container elementor-column-gap-default\">\n\t\t\t\t\t<div class=\"elementor-column elementor-col-50 elementor-top-column elementor-element elementor-element-304be60\" data-id=\"304be60\" data-element_type=\"column\">\n\t\t\t<div class=\"elementor-widget-wrap elementor-element-populated\">\n\t\t\t\t\t\t<div class=\"elementor-element elementor-element-9f396ab elementor-widget elementor-widget-image\" data-id=\"9f396ab\" data-element_type=\"widget\" data-widget_type=\"image.default\">\n\t\t\t\t<div class=\"elementor-widget-container\">\n\t\t\t\t\t\t\t\t\t\t\t\t\t\t\t<img fetchpriority=\"high\" decoding=\"async\" width=\"1024\" height=\"768\" src=\"https:\/\/poliklinikacz.cz\/wp-content\/uploads\/2025\/07\/Obrazek-WhatsApp-2025-07-18-v-18.41.40_0811adf4-1024x768.jpg\" class=\"attachment-large size-large wp-image-12523\" alt=\"\" srcset=\"https:\/\/poliklinikacz.cz\/wp-content\/uploads\/2025\/07\/Obrazek-WhatsApp-2025-07-18-v-18.41.40_0811adf4-1024x768.jpg 1024w, https:\/\/poliklinikacz.cz\/wp-content\/uploads\/2025\/07\/Obrazek-WhatsApp-2025-07-18-v-18.41.40_0811adf4-300x225.jpg 300w, https:\/\/poliklinikacz.cz\/wp-content\/uploads\/2025\/07\/Obrazek-WhatsApp-2025-07-18-v-18.41.40_0811adf4-768x576.jpg 768w, https:\/\/poliklinikacz.cz\/wp-content\/uploads\/2025\/07\/Obrazek-WhatsApp-2025-07-18-v-18.41.40_0811adf4-1536x1152.jpg 1536w, https:\/\/poliklinikacz.cz\/wp-content\/uploads\/2025\/07\/Obrazek-WhatsApp-2025-07-18-v-18.41.40_0811adf4-1000x750.jpg 1000w, https:\/\/poliklinikacz.cz\/wp-content\/uploads\/2025\/07\/Obrazek-WhatsApp-2025-07-18-v-18.41.40_0811adf4-230x173.jpg 230w, https:\/\/poliklinikacz.cz\/wp-content\/uploads\/2025\/07\/Obrazek-WhatsApp-2025-07-18-v-18.41.40_0811adf4-350x263.jpg 350w, https:\/\/poliklinikacz.cz\/wp-content\/uploads\/2025\/07\/Obrazek-WhatsApp-2025-07-18-v-18.41.40_0811adf4-480x360.jpg 480w, https:\/\/poliklinikacz.cz\/wp-content\/uploads\/2025\/07\/Obrazek-WhatsApp-2025-07-18-v-18.41.40_0811adf4.jpg 1600w\" sizes=\"(max-width: 1024px) 100vw, 1024px\" \/>\t\t\t\t\t\t\t\t\t\t\t\t\t\t\t<\/div>\n\t\t\t\t<\/div>\n\t\t\t\t\t<\/div>\n\t\t<\/div>\n\t\t\t\t<div class=\"elementor-column elementor-col-50 elementor-top-column elementor-element elementor-element-effba5c\" data-id=\"effba5c\" data-element_type=\"column\">\n\t\t\t<div class=\"elementor-widget-wrap elementor-element-populated\">\n\t\t\t\t\t\t<div class=\"elementor-element elementor-element-cd4fc4a elementor-widget elementor-widget-image\" data-id=\"cd4fc4a\" data-element_type=\"widget\" data-widget_type=\"image.default\">\n\t\t\t\t<div class=\"elementor-widget-container\">\n\t\t\t\t\t\t\t\t\t\t\t\t\t\t\t<img decoding=\"async\" width=\"1024\" height=\"768\" src=\"https:\/\/poliklinikacz.cz\/wp-content\/uploads\/2025\/07\/Obrazek-WhatsApp-2025-07-18-v-18.41.40_26958f74-1024x768.jpg\" class=\"attachment-large size-large wp-image-12524\" alt=\"\" srcset=\"https:\/\/poliklinikacz.cz\/wp-content\/uploads\/2025\/07\/Obrazek-WhatsApp-2025-07-18-v-18.41.40_26958f74-1024x768.jpg 1024w, https:\/\/poliklinikacz.cz\/wp-content\/uploads\/2025\/07\/Obrazek-WhatsApp-2025-07-18-v-18.41.40_26958f74-300x225.jpg 300w, https:\/\/poliklinikacz.cz\/wp-content\/uploads\/2025\/07\/Obrazek-WhatsApp-2025-07-18-v-18.41.40_26958f74-768x576.jpg 768w, https:\/\/poliklinikacz.cz\/wp-content\/uploads\/2025\/07\/Obrazek-WhatsApp-2025-07-18-v-18.41.40_26958f74-1536x1152.jpg 1536w, https:\/\/poliklinikacz.cz\/wp-content\/uploads\/2025\/07\/Obrazek-WhatsApp-2025-07-18-v-18.41.40_26958f74-1000x750.jpg 1000w, https:\/\/poliklinikacz.cz\/wp-content\/uploads\/2025\/07\/Obrazek-WhatsApp-2025-07-18-v-18.41.40_26958f74-230x173.jpg 230w, https:\/\/poliklinikacz.cz\/wp-content\/uploads\/2025\/07\/Obrazek-WhatsApp-2025-07-18-v-18.41.40_26958f74-350x263.jpg 350w, https:\/\/poliklinikacz.cz\/wp-content\/uploads\/2025\/07\/Obrazek-WhatsApp-2025-07-18-v-18.41.40_26958f74-480x360.jpg 480w, https:\/\/poliklinikacz.cz\/wp-content\/uploads\/2025\/07\/Obrazek-WhatsApp-2025-07-18-v-18.41.40_26958f74.jpg 1600w\" sizes=\"(max-width: 1024px) 100vw, 1024px\" \/>\t\t\t\t\t\t\t\t\t\t\t\t\t\t\t<\/div>\n\t\t\t\t<\/div>\n\t\t\t\t\t<\/div>\n\t\t<\/div>\n\t\t\t\t\t<\/div>\n\t\t<\/section>\n\t\t\t\t<section class=\"elementor-section elementor-top-section elementor-element elementor-element-7b558603 elementor-section-boxed elementor-section-height-default elementor-section-height-default\" data-id=\"7b558603\" data-element_type=\"section\">\n\t\t\t\t\t\t<div class=\"elementor-container elementor-column-gap-default\">\n\t\t\t\t\t<div class=\"elementor-column elementor-col-100 elementor-top-column elementor-element elementor-element-48ac0ab0\" data-id=\"48ac0ab0\" data-element_type=\"column\">\n\t\t\t<div class=\"elementor-widget-wrap elementor-element-populated\">\n\t\t\t\t\t\t<div class=\"elementor-element elementor-element-88f15c1 elementor-widget elementor-widget-google_maps\" data-id=\"88f15c1\" data-element_type=\"widget\" data-widget_type=\"google_maps.default\">\n\t\t\t\t<div class=\"elementor-widget-container\">\n\t\t\t\t\t\t\t<div class=\"elementor-custom-embed\">\n\t\t\t<iframe loading=\"lazy\"\n\t\t\t\t\tsrc=\"https:\/\/maps.google.com\/maps?q=Jablo%C5%88ov%C3%A1%202992%2F8%20106%2000%20Praha%2010&#038;t=m&#038;z=15&#038;output=embed&#038;iwloc=near\"\n\t\t\t\t\ttitle=\"Jablo\u0148ov\u00e1 2992\/8 106 00 Praha 10\"\n\t\t\t\t\taria-label=\"Jablo\u0148ov\u00e1 2992\/8 106 00 Praha 10\"\n\t\t\t><\/iframe>\n\t\t<\/div>\n\t\t\t\t\t\t<\/div>\n\t\t\t\t<\/div>\n\t\t\t\t\t<\/div>\n\t\t<\/div>\n\t\t\t\t\t<\/div>\n\t\t<\/section>\n\t\t\t\t<\/div>\n\t\t","protected":false},"excerpt":{"rendered":"<p>Ordinace chirurgie &#8211; Zahradn\u00ed M\u011bsto Kde n\u00e1s najdete Poliklinika Zahradn\u00ed M\u011bstoJablo\u0148ov\u00e1 2992\/8106 00 Praha 10 Kontakt 267 295 269 jablonova@poliklinikapraha.cz L\u00e9ka\u0159 MUDr. [&hellip;]<\/p>\n","protected":false},"author":1,"featured_media":0,"parent":0,"menu_order":0,"comment_status":"closed","ping_status":"closed","template":"elementor_header_footer","meta":{"footnotes":""},"class_list":["post-1522","page","type-page","status-publish","hentry"],"_links":{"self":[{"href":"https:\/\/poliklinikacz.cz\/zdravotnicka-zarizeni\/wp-json\/wp\/v2\/pages\/1522","targetHints":{"allow":["GET"]}}],"collection":[{"href":"https:\/\/poliklinikacz.cz\/zdravotnicka-zarizeni\/wp-json\/wp\/v2\/pages"}],"about":[{"href":"https:\/\/poliklinikacz.cz\/zdravotnicka-zarizeni\/wp-json\/wp\/v2\/types\/page"}],"author":[{"embeddable":true,"href":"https:\/\/poliklinikacz.cz\/zdravotnicka-zarizeni\/wp-json\/wp\/v2\/users\/1"}],"replies":[{"embeddable":true,"href":"https:\/\/poliklinikacz.cz\/zdravotnicka-zarizeni\/wp-json\/wp\/v2\/comments?post=1522"}],"version-history":[{"count":106,"href":"https:\/\/poliklinikacz.cz\/zdravotnicka-zarizeni\/wp-json\/wp\/v2\/pages\/1522\/revisions"}],"predecessor-version":[{"id":14334,"href":"https:\/\/poliklinikacz.cz\/zdravotnicka-zarizeni\/wp-json\/wp\/v2\/pages\/1522\/revisions\/14334"}],"wp:attachment":[{"href":"https:\/\/poliklinikacz.cz\/zdravotnicka-zarizeni\/wp-json\/wp\/v2\/media?parent=1522"}],"curies":[{"name":"wp","href":"https:\/\/api.w.org\/{rel}","templated":true}]}}