{"id":443,"date":"2020-09-13T08:15:10","date_gmt":"2020-09-13T08:15:10","guid":{"rendered":"http:\/\/poliklinikacz.cz\/domu\/poliklinika-kladno\/laboratore-aeskulab-biochemicka-laborator\/"},"modified":"2020-09-13T10:58:46","modified_gmt":"2020-09-13T10:58:46","slug":"laboratore-aeskulab-biochemicka-laborator","status":"publish","type":"page","link":"https:\/\/poliklinikacz.cz\/zdravotnicka-zarizeni\/poliklinika-kladno\/laboratore-aeskulab-biochemicka-laborator\/","title":{"rendered":"Laborato\u0159e &#8211; Aeskulab &#8211; biochemick\u00e1 laborato\u0159"},"content":{"rendered":"\t\t<div data-elementor-type=\"wp-page\" data-elementor-id=\"443\" class=\"elementor elementor-443\" data-elementor-post-type=\"page\">\n\t\t\t\t\t\t<section class=\"elementor-section elementor-top-section elementor-element elementor-element-303ea066 elementor-section-stretched elementor-section-boxed elementor-section-height-default elementor-section-height-default\" data-id=\"303ea066\" data-element_type=\"section\" data-settings=\"{&quot;stretch_section&quot;:&quot;section-stretched&quot;}\">\n\t\t\t\t\t\t<div class=\"elementor-container elementor-column-gap-default\">\n\t\t\t\t\t<div class=\"elementor-column elementor-col-100 elementor-top-column elementor-element elementor-element-4cf65deb\" data-id=\"4cf65deb\" data-element_type=\"column\">\n\t\t\t<div class=\"elementor-widget-wrap elementor-element-populated\">\n\t\t\t\t\t\t<div class=\"elementor-element elementor-element-7d1d3c6 elementor-widget elementor-widget-heading\" data-id=\"7d1d3c6\" data-element_type=\"widget\" data-widget_type=\"heading.default\">\n\t\t\t\t<div class=\"elementor-widget-container\">\n\t\t\t\t\t<h3 class=\"elementor-heading-title elementor-size-default\">Laborato\u0159e - Aeskulab - biochemick\u00e1 laborato\u0159<\/h3>\t\t\t\t<\/div>\n\t\t\t\t<\/div>\n\t\t\t\t<section class=\"elementor-section elementor-inner-section elementor-element elementor-element-53979de elementor-section-boxed elementor-section-height-default elementor-section-height-default\" data-id=\"53979de\" data-element_type=\"section\">\n\t\t\t\t\t\t<div class=\"elementor-container elementor-column-gap-default\">\n\t\t\t\t\t<div class=\"elementor-column elementor-col-33 elementor-inner-column elementor-element elementor-element-4bd2840e\" data-id=\"4bd2840e\" data-element_type=\"column\">\n\t\t\t<div class=\"elementor-widget-wrap elementor-element-populated\">\n\t\t\t\t\t\t<div class=\"elementor-element elementor-element-208f1f09 elementor-widget elementor-widget-heading\" data-id=\"208f1f09\" data-element_type=\"widget\" data-widget_type=\"heading.default\">\n\t\t\t\t<div class=\"elementor-widget-container\">\n\t\t\t\t\t<h3 class=\"elementor-heading-title elementor-size-default\">Kde n\u00e1s najdete<\/h3>\t\t\t\t<\/div>\n\t\t\t\t<\/div>\n\t\t\t\t<div class=\"elementor-element elementor-element-3fbd3e5d elementor-view-default elementor-widget elementor-widget-icon\" data-id=\"3fbd3e5d\" data-element_type=\"widget\" data-widget_type=\"icon.default\">\n\t\t\t\t<div class=\"elementor-widget-container\">\n\t\t\t\t\t\t\t<div class=\"elementor-icon-wrapper\">\n\t\t\t<div class=\"elementor-icon\">\n\t\t\t<i aria-hidden=\"true\" class=\"fas fa-home\"><\/i>\t\t\t<\/div>\n\t\t<\/div>\n\t\t\t\t\t\t<\/div>\n\t\t\t\t<\/div>\n\t\t\t\t<div class=\"elementor-element elementor-element-279b6ff6 elementor-widget elementor-widget-text-editor\" data-id=\"279b6ff6\" data-element_type=\"widget\" data-widget_type=\"text-editor.default\">\n\t\t\t\t<div class=\"elementor-widget-container\">\n\t\t\t\t\t\t\t\t\t<p>I. V\u0161eobecn\u00e1 poliklinika Kladno, spol. s r.o.<br \/>K Nemocnici \u010d.p. 2814<br \/>272 01 Kladno<\/p><p>p\u0159\u00edzem\u00ed<\/p>\t\t\t\t\t\t\t\t<\/div>\n\t\t\t\t<\/div>\n\t\t\t\t<div class=\"elementor-element elementor-element-4ac70b67 elementor-widget elementor-widget-heading\" data-id=\"4ac70b67\" data-element_type=\"widget\" data-widget_type=\"heading.default\">\n\t\t\t\t<div class=\"elementor-widget-container\">\n\t\t\t\t\t<h3 class=\"elementor-heading-title elementor-size-default\">Kontakt<\/h3>\t\t\t\t<\/div>\n\t\t\t\t<\/div>\n\t\t\t\t<div class=\"elementor-element elementor-element-4a7f2b29 elementor-align-center elementor-icon-list--layout-traditional elementor-list-item-link-full_width elementor-widget elementor-widget-icon-list\" data-id=\"4a7f2b29\" data-element_type=\"widget\" data-widget_type=\"icon-list.default\">\n\t\t\t\t<div class=\"elementor-widget-container\">\n\t\t\t\t\t\t\t<ul class=\"elementor-icon-list-items\">\n\t\t\t\t\t\t\t<li class=\"elementor-icon-list-item\">\n\t\t\t\t\t\t\t\t\t\t\t<span class=\"elementor-icon-list-icon\">\n\t\t\t\t\t\t\t<i aria-hidden=\"true\" class=\"fas fa-phone-alt\"><\/i>\t\t\t\t\t\t<\/span>\n\t\t\t\t\t\t\t\t\t\t<span class=\"elementor-icon-list-text\">312 615 157<\/span>\n\t\t\t\t\t\t\t\t\t<\/li>\n\t\t\t\t\t\t<\/ul>\n\t\t\t\t\t\t<\/div>\n\t\t\t\t<\/div>\n\t\t\t\t\t<\/div>\n\t\t<\/div>\n\t\t\t\t<div class=\"elementor-column elementor-col-66 elementor-inner-column elementor-element elementor-element-1373af07\" data-id=\"1373af07\" data-element_type=\"column\">\n\t\t\t<div class=\"elementor-widget-wrap elementor-element-populated\">\n\t\t\t\t\t\t<div class=\"elementor-element elementor-element-1d4d9211 elementor-widget elementor-widget-heading\" data-id=\"1d4d9211\" data-element_type=\"widget\" data-widget_type=\"heading.default\">\n\t\t\t\t<div class=\"elementor-widget-container\">\n\t\t\t\t\t<h3 class=\"elementor-heading-title elementor-size-default\">Ordina\u010dn\u00ed hodiny<\/h3>\t\t\t\t<\/div>\n\t\t\t\t<\/div>\n\t\t\t\t<div class=\"elementor-element elementor-element-79c37d69 elementor-widget elementor-widget-ucaddon_opening_hours_list\" data-id=\"79c37d69\" data-element_type=\"widget\" data-widget_type=\"ucaddon_opening_hours_list.default\">\n\t\t\t\t<div class=\"elementor-widget-container\">\n\t\t\t\t\t\n<!-- start Opening Hours List -->\n\t\t<link id='font-awesome-css' href='https:\/\/poliklinikacz.cz\/wp-content\/plugins\/unlimited-elements-for-elementor\/assets_libraries\/font-awesome6\/fontawesome-all.min.css' type='text\/css' rel='stylesheet' >\n\t\t<link id='font-awesome-4-shim-css' href='https:\/\/poliklinikacz.cz\/wp-content\/plugins\/unlimited-elements-for-elementor\/assets_libraries\/font-awesome6\/fontawesome-v4-shims.min.css' type='text\/css' rel='stylesheet' >\n\t\t<link id='uc_ac_assets_file_simple_opening_hours_css_826-css' href='https:\/\/poliklinikacz.cz\/wp-content\/uploads\/ac_assets\/simple_opening_hours\/simple_opening_hours.css' type='text\/css' rel='stylesheet' >\n\n<style>\/* widget: Opening Hours List *\/\n\n#uc_opening_hours_list_elementor_79c37d69{\n\tbackground:#FFF;\n\tpadding:16px 30px;\n\t}\n\n<\/style>\n\n<div class=\"uc_simple_opening_hours\" id=\"uc_opening_hours_list_elementor_79c37d69\">\n       <ul class=\"uc_opening-hours\">\n            <li><i class=\"far fa-clock\" style=\"color:#00C3FF;\"><\/i>Pond\u011bl\u00ed<span class=\"bbb\">6:30 - 14:30<\/span><\/li>\n<li><i class=\"far fa-clock\" style=\"color:#00C3FF;\"><\/i>\u00dater\u00fd<span class=\"bbb\">6:30 - 14:30<\/span><\/li>\n<li><i class=\"far fa-clock\" style=\"color:#00C3FF;\"><\/i>St\u0159eda<span class=\"bbb\">6:30 - 14:30<\/span><\/li>\n<li><i class=\"far fa-clock\" style=\"color:#00C3FF;\"><\/i>\u010ctvrtek<span class=\"bbb\">6:30 - 14:30<\/span><\/li>\n<li><i class=\"far fa-clock\" style=\"color:#00C3FF;\"><\/i>P\u00e1tek<span class=\"bbb\">6:30 - 14:30<\/span><\/li>\n\n        <\/ul>\n    <\/div>\n<!-- end Opening Hours List -->\t\t\t\t<\/div>\n\t\t\t\t<\/div>\n\t\t\t\t\t<\/div>\n\t\t<\/div>\n\t\t\t\t\t<\/div>\n\t\t<\/section>\n\t\t\t\t\t<\/div>\n\t\t<\/div>\n\t\t\t\t\t<\/div>\n\t\t<\/section>\n\t\t\t\t<section class=\"elementor-section elementor-top-section elementor-element elementor-element-fe17a64 elementor-section-boxed elementor-section-height-default elementor-section-height-default\" data-id=\"fe17a64\" data-element_type=\"section\">\n\t\t\t\t\t\t<div class=\"elementor-container elementor-column-gap-default\">\n\t\t\t\t\t<div class=\"elementor-column elementor-col-100 elementor-top-column elementor-element elementor-element-62b8f39c\" data-id=\"62b8f39c\" data-element_type=\"column\">\n\t\t\t<div class=\"elementor-widget-wrap elementor-element-populated\">\n\t\t\t\t\t\t<div class=\"elementor-element elementor-element-43f3f1eb elementor-widget elementor-widget-google_maps\" data-id=\"43f3f1eb\" data-element_type=\"widget\" data-widget_type=\"google_maps.default\">\n\t\t\t\t<div class=\"elementor-widget-container\">\n\t\t\t\t\t\t\t<div class=\"elementor-custom-embed\">\n\t\t\t<iframe loading=\"lazy\"\n\t\t\t\t\tsrc=\"https:\/\/maps.google.com\/maps?q=I.%20v%C5%A1eobecna%20poliklinika%20kladno&#038;t=m&#038;z=15&#038;output=embed&#038;iwloc=near\"\n\t\t\t\t\ttitle=\"I. v\u0161eobecna poliklinika kladno\"\n\t\t\t\t\taria-label=\"I. v\u0161eobecna poliklinika kladno\"\n\t\t\t><\/iframe>\n\t\t<\/div>\n\t\t\t\t\t\t<\/div>\n\t\t\t\t<\/div>\n\t\t\t\t\t<\/div>\n\t\t<\/div>\n\t\t\t\t\t<\/div>\n\t\t<\/section>\n\t\t\t\t<\/div>\n\t\t","protected":false},"excerpt":{"rendered":"<p>Laborato\u0159e &#8211; Aeskulab &#8211; biochemick\u00e1 laborato\u0159 Kde n\u00e1s najdete I. V\u0161eobecn\u00e1 poliklinika Kladno, spol. s r.o.K Nemocnici \u010d.p. 2814272 01 Kladno p\u0159\u00edzem\u00ed [&hellip;]<\/p>\n","protected":false},"author":1,"featured_media":0,"parent":134,"menu_order":15,"comment_status":"closed","ping_status":"closed","template":"elementor_header_footer","meta":{"footnotes":""},"class_list":["post-443","page","type-page","status-publish","hentry"],"_links":{"self":[{"href":"https:\/\/poliklinikacz.cz\/zdravotnicka-zarizeni\/wp-json\/wp\/v2\/pages\/443","targetHints":{"allow":["GET"]}}],"collection":[{"href":"https:\/\/poliklinikacz.cz\/zdravotnicka-zarizeni\/wp-json\/wp\/v2\/pages"}],"about":[{"href":"https:\/\/poliklinikacz.cz\/zdravotnicka-zarizeni\/wp-json\/wp\/v2\/types\/page"}],"author":[{"embeddable":true,"href":"https:\/\/poliklinikacz.cz\/zdravotnicka-zarizeni\/wp-json\/wp\/v2\/users\/1"}],"replies":[{"embeddable":true,"href":"https:\/\/poliklinikacz.cz\/zdravotnicka-zarizeni\/wp-json\/wp\/v2\/comments?post=443"}],"version-history":[{"count":3,"href":"https:\/\/poliklinikacz.cz\/zdravotnicka-zarizeni\/wp-json\/wp\/v2\/pages\/443\/revisions"}],"predecessor-version":[{"id":574,"href":"https:\/\/poliklinikacz.cz\/zdravotnicka-zarizeni\/wp-json\/wp\/v2\/pages\/443\/revisions\/574"}],"up":[{"embeddable":true,"href":"https:\/\/poliklinikacz.cz\/zdravotnicka-zarizeni\/wp-json\/wp\/v2\/pages\/134"}],"wp:attachment":[{"href":"https:\/\/poliklinikacz.cz\/zdravotnicka-zarizeni\/wp-json\/wp\/v2\/media?parent=443"}],"curies":[{"name":"wp","href":"https:\/\/api.w.org\/{rel}","templated":true}]}}

Laboratoře &#8211; Aeskulab &#8211; biochemická laboratoř

<div data-elementor-type="wp-page" data-elementor-id="443" class="elementor elementor-443" data-elementor-post-type="page">
						<section class="elementor-section elementor-top-section elementor-element elementor-element-303ea066 elementor-section-stretched elementor-section-boxed elementor-section-height-default elementor-section-height-default" data-id="303ea066" data-element_type="section" data-settings="{&quot;stretch_section&quot;:&quot;section-stretched&quot;}">
						<div class="elementor-container elementor-column-gap-default">
					<div class="elementor-column elementor-col-100 elementor-top-column elementor-element elementor-element-4cf65deb" data-id="4cf65deb" data-element_type="column">
			<div class="elementor-widget-wrap elementor-element-populated">
						<div class="elementor-element elementor-element-7d1d3c6 elementor-widget elementor-widget-heading" data-id="7d1d3c6" data-element_type="widget" data-widget_type="heading.default">
				<div class="elementor-widget-container">
					<h3 class="elementor-heading-title elementor-size-default">Laboratoře - Aeskulab - biochemická laboratoř</h3>				</div>
				</div>
				<section class="elementor-section elementor-inner-section elementor-element elementor-element-53979de elementor-section-boxed elementor-section-height-default elementor-section-height-default" data-id="53979de" data-element_type="section">
						<div class="elementor-container elementor-column-gap-default">
					<div class="elementor-column elementor-col-33 elementor-inner-column elementor-element elementor-element-4bd2840e" data-id="4bd2840e" data-element_type="column">
			<div class="elementor-widget-wrap elementor-element-populated">
						<div class="elementor-element elementor-element-208f1f09 elementor-widget elementor-widget-heading" data-id="208f1f09" data-element_type="widget" data-widget_type="heading.default">
				<div class="elementor-widget-container">
					<h3 class="elementor-heading-title elementor-size-default">Kde nás najdete</h3>				</div>
				</div>
				<div class="elementor-element elementor-element-3fbd3e5d elementor-view-default elementor-widget elementor-widget-icon" data-id="3fbd3e5d" data-element_type="widget" data-widget_type="icon.default">
				<div class="elementor-widget-container">
							<div class="elementor-icon-wrapper">
			<div class="elementor-icon">
			<i aria-hidden="true" class="fas fa-home"></i>			</div>
		</div>
						</div>
				</div>
				<div class="elementor-element elementor-element-279b6ff6 elementor-widget elementor-widget-text-editor" data-id="279b6ff6" data-element_type="widget" data-widget_type="text-editor.default">
				<div class="elementor-widget-container">
									<p>I. Všeobecná poliklinika Kladno, spol. s r.o.<br />K Nemocnici č.p. 2814<br />272 01 Kladno</p><p>přízemí</p>								</div>
				</div>
				<div class="elementor-element elementor-element-4ac70b67 elementor-widget elementor-widget-heading" data-id="4ac70b67" data-element_type="widget" data-widget_type="heading.default">
				<div class="elementor-widget-container">
					<h3 class="elementor-heading-title elementor-size-default">Kontakt</h3>				</div>
				</div>
				<div class="elementor-element elementor-element-4a7f2b29 elementor-align-center elementor-icon-list--layout-traditional elementor-list-item-link-full_width elementor-widget elementor-widget-icon-list" data-id="4a7f2b29" data-element_type="widget" data-widget_type="icon-list.default">
				<div class="elementor-widget-container">
							<ul class="elementor-icon-list-items">
							<li class="elementor-icon-list-item">
											<span class="elementor-icon-list-icon">
							<i aria-hidden="true" class="fas fa-phone-alt"></i>						</span>
										<span class="elementor-icon-list-text">312 615 157</span>
									</li>
						</ul>
						</div>
				</div>
					</div>
		</div>
				<div class="elementor-column elementor-col-66 elementor-inner-column elementor-element elementor-element-1373af07" data-id="1373af07" data-element_type="column">
			<div class="elementor-widget-wrap elementor-element-populated">
						<div class="elementor-element elementor-element-1d4d9211 elementor-widget elementor-widget-heading" data-id="1d4d9211" data-element_type="widget" data-widget_type="heading.default">
				<div class="elementor-widget-container">
					<h3 class="elementor-heading-title elementor-size-default">Ordinační hodiny</h3>				</div>
				</div>
				<div class="elementor-element elementor-element-79c37d69 elementor-widget elementor-widget-ucaddon_opening_hours_list" data-id="79c37d69" data-element_type="widget" data-widget_type="ucaddon_opening_hours_list.default">
				<div class="elementor-widget-container">
					
<!-- start Opening Hours List -->
		<link id='font-awesome-css' href='https://poliklinikacz.cz/wp-content/plugins/unlimited-elements-for-elementor/assets_libraries/font-awesome6/fontawesome-all.min.css' type='text/css' rel='stylesheet' >
		<link id='font-awesome-4-shim-css' href='https://poliklinikacz.cz/wp-content/plugins/unlimited-elements-for-elementor/assets_libraries/font-awesome6/fontawesome-v4-shims.min.css' type='text/css' rel='stylesheet' >
		<link id='uc_ac_assets_file_simple_opening_hours_css_826-css' href='https://poliklinikacz.cz/wp-content/uploads/ac_assets/simple_opening_hours/simple_opening_hours.css' type='text/css' rel='stylesheet' >

<style>/* widget: Opening Hours List */

#uc_opening_hours_list_elementor_79c37d69{
	background:#FFF;
	padding:16px 30px;
	}

</style>

<div class="uc_simple_opening_hours" id="uc_opening_hours_list_elementor_79c37d69">
       <ul class="uc_opening-hours">
            <li><i class="far fa-clock" style="color:#00C3FF;"></i>Pondělí<span class="bbb">6:30 - 14:30</span></li>
<li><i class="far fa-clock" style="color:#00C3FF;"></i>Úterý<span class="bbb">6:30 - 14:30</span></li>
<li><i class="far fa-clock" style="color:#00C3FF;"></i>Středa<span class="bbb">6:30 - 14:30</span></li>
<li><i class="far fa-clock" style="color:#00C3FF;"></i>Čtvrtek<span class="bbb">6:30 - 14:30</span></li>
<li><i class="far fa-clock" style="color:#00C3FF;"></i>Pátek<span class="bbb">6:30 - 14:30</span></li>

        </ul>
    </div>
<!-- end Opening Hours List -->				</div>
				</div>
					</div>
		</div>
					</div>
		</section>
					</div>
		</div>
					</div>
		</section>
				<section class="elementor-section elementor-top-section elementor-element elementor-element-fe17a64 elementor-section-boxed elementor-section-height-default elementor-section-height-default" data-id="fe17a64" data-element_type="section">
						<div class="elementor-container elementor-column-gap-default">
					<div class="elementor-column elementor-col-100 elementor-top-column elementor-element elementor-element-62b8f39c" data-id="62b8f39c" data-element_type="column">
			<div class="elementor-widget-wrap elementor-element-populated">
						<div class="elementor-element elementor-element-43f3f1eb elementor-widget elementor-widget-google_maps" data-id="43f3f1eb" data-element_type="widget" data-widget_type="google_maps.default">
				<div class="elementor-widget-container">
							<div class="elementor-custom-embed">
			<iframe loading="lazy"
					src="https://maps.google.com/maps?q=I.%20v%C5%A1eobecna%20poliklinika%20kladno&#038;t=m&#038;z=15&#038;output=embed&#038;iwloc=near"
					title="I. všeobecna poliklinika kladno"
					aria-label="I. všeobecna poliklinika kladno"
			></iframe>
		</div>
						</div>
				</div>
					</div>
		</div>
					</div>
		</section>
				</div>

<p>Laboratoře &#8211; Aeskulab &#8211; biochemická laboratoř Kde nás najdete I. Všeobecná poliklinika Kladno, spol. s r.o.K Nemocnici č.p. 2814272 01 Kladno přízemí [&hellip;]</p>
